[INFO] cloning repository https://github.com/aep/carrier-custom-service-example
[INFO] running `Command { std: "git" "-c" "credential.helper=" "-c" "credential.helper=/workspace/cargo-home/bin/git-credential-null" "clone" "--bare" "https://github.com/aep/carrier-custom-service-example" "/workspace/cache/git-repos/https%3A%2F%2Fgithub.com%2Faep%2Fcarrier-custom-service-example", kill_on_drop: false }`
[INFO] [stderr] Cloning into bare repository '/workspace/cache/git-repos/https%3A%2F%2Fgithub.com%2Faep%2Fcarrier-custom-service-example'...
[INFO] running `Command { std: "git" "rev-parse" "HEAD", kill_on_drop: false }`
[INFO] [stdout] fff6b241456bce218b01f8e0f99658ec3a174c09
[INFO] checking aep/carrier-custom-service-example against master#9610dfe5a9a731ced1ea4923ecbd0c57fe367898 for beta-170-4
[INFO] running `Command { std: "git" "clone" "/workspace/cache/git-repos/https%3A%2F%2Fgithub.com%2Faep%2Fcarrier-custom-service-example" "/workspace/builds/worker-6-tc1/source", kill_on_drop: false }`
[INFO] [stderr] Cloning into '/workspace/builds/worker-6-tc1/source'...
[INFO] [stderr] done.
[INFO] validating manifest of git repo https://github.com/aep/carrier-custom-service-example on toolchain 9610dfe5a9a731ced1ea4923ecbd0c57fe367898
[INFO] running `Command { std: CARGO_HOME="/workspace/cargo-home" RUSTUP_HOME="/workspace/rustup-home" "/workspace/cargo-home/bin/cargo" "+9610dfe5a9a731ced1ea4923ecbd0c57fe367898" "metadata" "--manifest-path" "Cargo.toml" "--no-deps", kill_on_drop: false }`
[INFO] started tweaking git repo https://github.com/aep/carrier-custom-service-example
[INFO] finished tweaking git repo https://github.com/aep/carrier-custom-service-example
[INFO] tweaked toml for git repo https://github.com/aep/carrier-custom-service-example written to /workspace/builds/worker-6-tc1/source/Cargo.toml
[INFO] crate git repo https://github.com/aep/carrier-custom-service-example already has a lockfile, it will not be regenerated
[INFO] running `Command { std: CARGO_HOME="/workspace/cargo-home" RUSTUP_HOME="/workspace/rustup-home" "/workspace/cargo-home/bin/cargo" "+9610dfe5a9a731ced1ea4923ecbd0c57fe367898" "fetch" "--manifest-path" "Cargo.toml", kill_on_drop: false }`
[INFO] [stderr]     Updating crates.io index
[INFO] [stderr]     Blocking waiting for file lock on package cache
[INFO] [stderr]  Downloading crates ...
[INFO] [stderr]   Downloaded prost-derive v0.5.0
[INFO] [stderr]   Downloaded osaka v0.2.10
[INFO] [stderr]   Downloaded gcmap v0.1.4
[INFO] [stderr]   Downloaded crc8 v0.1.1
[INFO] [stderr]   Downloaded osaka-macros v0.2.10
[INFO] [stderr]   Downloaded prost-types v0.5.0
[INFO] [stderr]   Downloaded hpack v0.3.0
[INFO] [stderr]   Downloaded prost v0.5.0
[INFO] [stderr]   Downloaded prost-build v0.5.0
[INFO] [stderr]   Downloaded osaka-dns v0.2.10
[INFO] [stderr]   Downloaded hacl-star v0.0.14
[INFO] [stderr]   Downloaded carrier v0.9.9
[INFO] [stderr]   Downloaded hacl-star-sys v0.0.7
[INFO] [stderr]   Downloaded axon v0.2.0
[INFO] [stderr]   Downloaded mtdparts v0.2.0
[INFO] [stderr]   Downloaded tinylogger v0.1.1
[INFO] running `Command { std: "docker" "create" "-v" "/var/lib/crater-agent-workspace/builds/worker-6-tc1/target:/opt/rustwide/target:rw,Z" "-v" "/var/lib/crater-agent-workspace/builds/worker-6-tc1/source:/opt/rustwide/workdir:ro,Z" "-v" "/var/lib/crater-agent-workspace/cargo-home:/opt/rustwide/cargo-home:ro,Z" "-v" "/var/lib/crater-agent-workspace/rustup-home:/opt/rustwide/rustup-home:ro,Z" "-e" "SOURCE_DIR=/opt/rustwide/workdir" "-e" "CARGO_TARGET_DIR=/opt/rustwide/target" "-e" "CARGO_HOME=/opt/rustwide/cargo-home" "-e" "RUSTUP_HOME=/opt/rustwide/rustup-home" "-w" "/opt/rustwide/workdir" "-m" "1610612736" "--user" "0:0" "--network" "none" "ghcr.io/rust-lang/crates-build-env/linux@sha256:19e73879b68f455e41552ea35293514db52ea292d993f571636dbffedb77a1ee" "/opt/rustwide/cargo-home/bin/cargo" "+9610dfe5a9a731ced1ea4923ecbd0c57fe367898" "metadata" "--no-deps" "--format-version=1", kill_on_drop: false }`
[INFO] [stdout] 564e9d90538f1170e68a2c30093e282fd19d675daf43ab84a6a1a102559080a4
[INFO] running `Command { std: "docker" "start" "-a" "564e9d90538f1170e68a2c30093e282fd19d675daf43ab84a6a1a102559080a4", kill_on_drop: false }`
[INFO] running `Command { std: "docker" "inspect" "564e9d90538f1170e68a2c30093e282fd19d675daf43ab84a6a1a102559080a4", kill_on_drop: false }`
[INFO] running `Command { std: "docker" "rm" "-f" "564e9d90538f1170e68a2c30093e282fd19d675daf43ab84a6a1a102559080a4", kill_on_drop: false }`
[INFO] [stdout] 564e9d90538f1170e68a2c30093e282fd19d675daf43ab84a6a1a102559080a4
[INFO] running `Command { std: "docker" "create" "-v" "/var/lib/crater-agent-workspace/builds/worker-6-tc1/target:/opt/rustwide/target:rw,Z" "-v" "/var/lib/crater-agent-workspace/builds/worker-6-tc1/source:/opt/rustwide/workdir:ro,Z" "-v" "/var/lib/crater-agent-workspace/cargo-home:/opt/rustwide/cargo-home:ro,Z" "-v" "/var/lib/crater-agent-workspace/rustup-home:/opt/rustwide/rustup-home:ro,Z" "-e" "SOURCE_DIR=/opt/rustwide/workdir" "-e" "CARGO_TARGET_DIR=/opt/rustwide/target" "-e" "CARGO_INCREMENTAL=0" "-e" "RUST_BACKTRACE=full" "-e" "RUSTFLAGS=--cap-lints=forbid" "-e" "RUSTDOCFLAGS=--cap-lints=forbid" "-e" "CARGO_HOME=/opt/rustwide/cargo-home" "-e" "RUSTUP_HOME=/opt/rustwide/rustup-home" "-w" "/opt/rustwide/workdir" "-m" "1610612736" "--user" "0:0" "--network" "none" "ghcr.io/rust-lang/crates-build-env/linux@sha256:19e73879b68f455e41552ea35293514db52ea292d993f571636dbffedb77a1ee" "/opt/rustwide/cargo-home/bin/cargo" "+9610dfe5a9a731ced1ea4923ecbd0c57fe367898" "check" "--frozen" "--all" "--all-targets" "--message-format=json", kill_on_drop: false }`
[INFO] [stdout] c69f8fc97fc04a2a9ded8a0b5f1b9e789e850602d5b0381e5ab13a4c7aa70974
[INFO] running `Command { std: "docker" "start" "-a" "c69f8fc97fc04a2a9ded8a0b5f1b9e789e850602d5b0381e5ab13a4c7aa70974", kill_on_drop: false }`
[INFO] [stderr]    Compiling cc v1.0.38
[INFO] [stderr]    Compiling syn v0.15.42
[INFO] [stderr]    Compiling byteorder v1.3.2
[INFO] [stderr]    Compiling libc v0.2.60
[INFO] [stderr]    Compiling log v0.4.7
[INFO] [stderr]    Compiling autocfg v0.1.5
[INFO] [stderr]     Checking rand_core v0.4.0
[INFO] [stderr]    Compiling typenum v1.10.0
[INFO] [stderr]    Compiling rustc-demangle v0.1.15
[INFO] [stderr]    Compiling rand_core v0.3.1
[INFO] [stderr]    Compiling spin v0.5.0
[INFO] [stderr]    Compiling either v1.5.2
[INFO] [stderr]    Compiling lazy_static v1.3.0
[INFO] [stderr]    Compiling itertools v0.8.0
[INFO] [stderr]    Compiling getrandom v0.1.6
[INFO] [stderr]    Compiling ppv-lite86 v0.2.5
[INFO] [stderr]    Compiling iovec v0.1.2
[INFO] [stderr]    Compiling rand_chacha v0.1.1
[INFO] [stderr]    Compiling rand_core v0.5.0
[INFO] [stderr]    Compiling rand_pcg v0.1.2
[INFO] [stderr]    Compiling c2-chacha v0.2.2
[INFO] [stderr]    Compiling bytes v0.4.12
[INFO] [stderr]    Compiling backtrace-sys v0.1.31
[INFO] [stderr]    Compiling clear_on_drop v0.2.3
[INFO] [stderr]    Compiling rand_chacha v0.2.1
[INFO] [stderr]     Checking generic-array v0.12.3
[INFO] [stderr]    Compiling rand v0.7.0
[INFO] [stderr]    Compiling rand v0.6.5
[INFO] [stderr]    Compiling remove_dir_all v0.5.2
[INFO] [stderr]    Compiling fixedbitset v0.1.9
[INFO] [stderr]    Compiling heck v0.3.1
[INFO] [stderr]    Compiling bitflags v1.1.0
[INFO] [stderr]    Compiling petgraph v0.4.13
[INFO] [stderr]     Checking net2 v0.2.33
[INFO] [stderr]    Compiling subtle v2.1.0
[INFO] [stderr]    Compiling multimap v0.4.0
[INFO] [stderr]     Checking mio v0.6.19
[INFO] [stderr]    Compiling digest v0.8.1
[INFO] [stderr]    Compiling backtrace v0.3.33
[INFO] [stderr]    Compiling tempfile v3.1.0
[INFO] [stderr]    Compiling curve25519-dalek v1.2.1
[INFO] [stderr]    Compiling hacl-star-sys v0.0.7
[INFO] [stderr]     Checking byte-tools v0.3.1
[INFO] [stderr]     Checking block-padding v0.1.4
[INFO] [stderr]    Compiling rand_os v0.1.3
[INFO] [stderr]    Compiling rand_isaac v0.1.1
[INFO] [stderr]    Compiling rand_xorshift v0.1.1
[INFO] [stderr]    Compiling rand_hc v0.1.0
[INFO] [stderr]    Compiling rand_jitter v0.1.4
[INFO] [stderr]    Compiling serde v1.0.97
[INFO] [stderr]     Checking void v1.0.2
[INFO] [stderr]    Compiling nix v0.11.1
[INFO] [stderr]     Checking block-buffer v0.7.3
[INFO] [stderr]    Compiling snow v0.5.2
[INFO] [stderr]     Checking atty v0.2.13
[INFO] [stderr]     Checking opaque-debug v0.2.2
[INFO] [stderr]     Checking fake-simd v0.1.2
[INFO] [stderr]    Compiling nix v0.13.1
[INFO] [stderr]     Checking ucd-util v0.1.5
[INFO] [stderr]     Checking lazycell v1.2.1
[INFO] [stderr]     Checking unicode-width v0.1.5
[INFO] [stderr]     Checking sha2 v0.8.0
[INFO] [stderr]     Checking mio-extras v2.0.5
[INFO] [stderr]     Checking regex-syntax v0.6.10
[INFO] [stderr]     Checking textwrap v0.11.0
[INFO] [stderr]     Checking aho-corasick v0.7.4
[INFO] [stderr]     Checking thread_local v0.3.6
[INFO] [stderr]     Checking log v0.3.9
[INFO] [stderr]     Checking time v0.1.42
[INFO] [stderr]    Compiling synstructure v0.10.2
[INFO] [stderr]     Checking ansi_term v0.11.0
[INFO] [stderr]     Checking static_slice v0.0.3
[INFO] [stderr]     Checking vec_map v0.8.1
[INFO] [stderr]     Checking strsim v0.8.0
[INFO] [stderr]     Checking arrayref v0.3.5
[INFO] [stderr]     Checking pbr v1.0.1
[INFO] [stderr]     Checking hacl-star v0.0.14
[INFO] [stderr]     Checking clap v2.33.0
[INFO] [stderr]     Checking hpack v0.3.0
[INFO] [stderr]     Checking x25519-dalek v0.5.2
[INFO] [stderr]     Checking tinylogger v0.1.1
[INFO] [stderr]     Checking wait-timeout v0.2.0
[INFO] [stderr]     Checking dirs v1.0.5
[INFO] [stderr]     Checking num_cpus v1.10.1
[INFO] [stderr]     Checking bs58 v0.2.2
[INFO] [stderr]     Checking crc8 v0.1.1
[INFO] [stderr]     Checking gcmap v0.1.4
[INFO] [stderr]     Checking mtdparts v0.2.0
[INFO] [stderr]     Checking regex v1.2.0
[INFO] [stderr]    Compiling failure_derive v0.1.5
[INFO] [stderr]    Compiling osaka-macros v0.2.10
[INFO] [stderr]    Compiling serde_derive v1.0.97
[INFO] [stderr]     Checking env_logger v0.6.2
[INFO] [stderr]     Checking toml v0.5.1
[INFO] [stderr]     Checking osaka v0.2.10
[INFO] [stderr]    Compiling failure v0.1.5
[INFO] [stdout] error[E0557]: feature has been removed
[INFO] [stdout]  --> /opt/rustwide/cargo-home/registry/src/index.crates.io-6f17d22bba15001f/osaka-0.2.10/src/lib.rs:2:12
[INFO] [stdout]   |
[INFO] [stdout] 2 | #![feature(custom_attribute)]
[INFO] [stdout]   |            ^^^^^^^^^^^^^^^^ feature has been removed
[INFO] [stdout]   |
[INFO] [stdout]   = note: removed in favor of `#![register_tool]` and `#![register_attr]`
[INFO] [stdout] 
[INFO] [stdout] 
[INFO] [stdout] error[E0053]: method `report` has an incompatible type for trait
[INFO] [stdout]    --> /opt/rustwide/cargo-home/registry/src/index.crates.io-6f17d22bba15001f/osaka-0.2.10/src/lib.rs:380:28
[INFO] [stdout]     |
[INFO] [stdout] 380 |     fn report(mut self) -> i32 {
[INFO] [stdout]     |                            ^^^
[INFO] [stdout]     |                            |
[INFO] [stdout]     |                            expected `ExitCode`, found `i32`
[INFO] [stdout]     |                            help: change the output type to match the trait: `ExitCode`
[INFO] [stdout]     |
[INFO] [stdout]     = note: expected signature `fn(Task<_>) -> ExitCode`
[INFO] [stdout]                found signature `fn(Task<_>) -> i32`
[INFO] [stdout] 
[INFO] [stdout] 
[INFO] [stdout] error[E0061]: this method takes 1 argument but 0 arguments were supplied
[INFO] [stdout]    --> /opt/rustwide/cargo-home/registry/src/index.crates.io-6f17d22bba15001f/osaka-0.2.10/src/lib.rs:125:30
[INFO] [stdout]     |
[INFO] [stdout] 125 |         match Pin::new(self).resume() {
[INFO] [stdout]     |                              ^^^^^^-- an argument of type `()` is missing
[INFO] [stdout]     |
[INFO] [stdout] note: method defined here
[INFO] [stdout]    --> /rustc/9610dfe5a9a731ced1ea4923ecbd0c57fe367898/library/core/src/ops/generator.rs:114:8
[INFO] [stdout] help: provide the argument
[INFO] [stdout]     |
[INFO] [stdout] 125 |         match Pin::new(self).resume(()) {
[INFO] [stdout]     |                                    ~~~~
[INFO] [stdout] 
[INFO] [stdout] 
[INFO] [stdout] error: aborting due to 3 previous errors
[INFO] [stdout] 
[INFO] [stdout] 
[INFO] [stdout] Some errors have detailed explanations: E0053, E0061, E0557.
[INFO] [stdout] 
[INFO] [stdout] For more information about an error, try `rustc --explain E0053`.
[INFO] [stdout] 
[INFO] [stderr] error: could not compile `osaka` (lib) due to 4 previous errors
[INFO] [stderr] warning: build failed, waiting for other jobs to finish...
[INFO] running `Command { std: "docker" "inspect" "c69f8fc97fc04a2a9ded8a0b5f1b9e789e850602d5b0381e5ab13a4c7aa70974", kill_on_drop: false }`
[INFO] running `Command { std: "docker" "rm" "-f" "c69f8fc97fc04a2a9ded8a0b5f1b9e789e850602d5b0381e5ab13a4c7aa70974", kill_on_drop: false }`
[INFO] [stdout] c69f8fc97fc04a2a9ded8a0b5f1b9e789e850602d5b0381e5ab13a4c7aa70974
